 z(g) = -14*g**3 - 6*g**2 + 431*g + 881. Give z(-2).
107
Let p(d) = 18*d**2 - 1532*d + 29203. Determine p(56).
-141
Let i(m) = -1705359*m - 3410714. Calculate i(-2).
4
Let n(r) = 124965*r - 2624272. Determine n(21).
-7
Let u(s) = -13*s**2 + 282*s - 1143. What is u(6)?
81
Let s(l) = 4*l**3 + 9*l**2 - 527*l - 2098. What is s(-4)?
-102
Let b(m) = -34*m**2 + 143*m + 185. Give b(-1).
8
Let r(a) = -154*a + 17020. Give r(111).
-74
Let o(g) = 5226*g + 256562. What is o(-49)?
488
Let r(f) = 2*f**2 + 48*f - 778. Give r(-35).
-8
Let y(v) = v**2 - 396*v + 15598. Calculate y(44).
110
Let n(r) = -59*r**2 + 2431*r + 12139. Determine n(-5).
-1491
Let k(n) = 3*n**2 + 5253*n - 649721. What is k(116)?
-5
Let q(z) = -101*z**2 + 495*z - 17. What is q(6)?
-683
Let l(i) = -5*i**2 - 445*i - 848. Determine l(-92).
-2228
Let w(r) = -2*r**3 + 397*r**2 + 1403*r + 2088. Give w(202).
-134
Let f(s) = -17*s**2 - 263*s - 868. Give f(-6).
98
Let b(v) = v**3 - 21*v**2 - 858*v + 18296. Calculate b(22).
-96
Let h(j) = 3634*j - 72568. Determine h(20).
112
Let v(l) = 1729*l + 84708. Give v(-49).
-13
Let f(o) = 61*o + 12882. What is f(-212)?
-50
Let g(i) = 2*i**3 - 21*i**2 - 420*i + 2720. What is g(18)?
20
Let t(k) = k**3 + 9*k**2 - 562*k + 632. Determine t(19).
62
Let x(a) = -a**3 - 28*a**2 - 139*a - 1894. Give x(-26).
368
Let l(r) = -3942*r + 57990. Calculate l(14).
2802
Let r(g) = -g**3 + 132*g**2 + 970*g - 111350. What is r(133)?
-29
Let n(v) = 11*v**2 - 833*v - 1067. Give n(77).
11
Let k(c) = -2*c**3 + 11*c**2 - 30*c + 553. Determine k(8).
-7
Let q(s) = -373*s - 2040. Determine q(-6).
198
Let a(r) = 140*r**2 + 10163*r - 20324. Give a(2).
562
Let m(f) = 6*f**2 + 453*f - 8111. Determine m(15).
34
Let l(w) = -478651*w + 16274123. Calculate l(34).
-11
Let n(j) = 11*j**2 - 770*j - 787. Give n(71).
-6
Let c(m) = -m**2 - 512*m - 7851. Calculate c(-16).
85
Let r(f) = 53266*f + 159787. Determine r(-3).
-11
Let m(z) = 18*z**2 + 4976*z - 2752. Give m(-277).
18
Let y(z) = 651*z + 7611. Calculate y(-15).
-2154
Let g(p) = -251*p**3 + 18*p**2 + 33*p + 60. Determine g(-2).
2074
Let w(z) = 34*z - 4233. Calculate w(116).
-289
Let l(q) = 16*q**2 - 6*q + 32. What is l(5)?
402
Let q(t) = -3*t**3 - 2*t**2 - 30*t + 41. Give q(0).
41
Let t(k) = -k**2 + 12574*k - 2681474. What is t(217)?
-5
Let f(p) = -3*p**3 + 20*p**2 - 7*p - 38. Calculate f(-6).
1372
Let n(i) = -65*i**2 - 1657*i + 46. Determine n(-25).
846
Let q(w) = 2*w**3 + 1257*w**2 + 96484*w + 1620. Calculate q(-539).
3
Let m(o) = 31*o - 2672. Give m(89).
87
Let v(t) = 2*t**2 - 39*t + 184. Calculate v(10).
-6
Let v(g) = -3*g**2 + 311*g + 7517. What is v(-21)?
-337
Let v(t) = -t**3 + 21*t**2 - 241*t + 8527. Determine v(25).
2
Let v(u) = -1616*u + 849. What is v(0)?
849
Let m(n) = -6*n**2 + 187*n + 427602. Calculate m(283).
-11
Let s(q) = -q**2 - 4802*q + 296665. Give s(61).
22
Let q(f) = -2021*f - 30170. Determine q(-15).
145
Let m(h) = 14*h + 935. Give m(-39).
389
Let t(x) = -101*x + 987. Determine t(0).
987
Let i(f) = -2*f**2 + 59763*f - 657166. Calculate i(11).
-15
Let s(m) = 2*m**2 - 13*m + 232. What is s(-20)?
1292
Let b(z) = -62*z**2 + 16693*z - 4030. Give b(269).
5
Let r(y) = -3763598*y + 48926772. Calculate r(13).
-2
Let j(r) = -r**3 - 122*r**2 + 1175*r + 102. Determine j(-131).
626
Let n(u) = u**2 - 83798*u + 502736. Give n(6).
-16
Let b(t) = -12602*t + 5179421. What is b(411)?
-1
Let d(f) = f**3 - 436*f**2 - 1768*f + 3518. Determine d(440).
-2
Let s(l) = 4*l**2 + 118*l + 627. What is s(-28)?
459
Let r(m) = 22*m**2 - 220*m - 544. Calculate r(13).
314
Let l(x) = 13*x**3 + 72*x**2 + 1173*x + 5694. Calculate l(-5).
4
Let h(n) = -n**3 - 251*n**2 - 11452*n + 402. What is h(-60)?
-78
Let u(w) = -244*w**3 + 14*w**2 - 9*w - 2. Determine u(1).
-241
Let s(f) = -f**2 - 11488*f + 832325. Determine s(72).
5
Let y(c) = c**3 + 68*c**2 - 30*c + 158. Determine y(0).
158
Let g(q) = 2*q**2 - 41*q - 13563. What is g(93)?
-78
Let q(y) = -463*y - 19460. Calculate q(-42).
-14
Let i(a) = 13*a**3 + 16*a**2 - 67*a - 49. Give i(5).
1641
Let o(q) = -q**3 - 7*q**2 - 1801*q - 8828. Determine o(-5).
127
Let n(j) = 4*j - 148. What is n(76)?
156
Let i(g) = -3*g**2 - 157*g + 525. Give i(-55).
85
Let b(p) = -4736*p**2 - 14273*p - 209. What is b(-3)?
-14
Let c(k) = 2*k**3 + 43*k**2 - 31*k + 846. Determine c(-23).
-28
Let t(s) = 3*s**3 - 25*s**2 - 244*s - 4. What is t(8)?
-2020
Let s(f) = f**2 - 2732*f + 13660. Determine s(5).
25
Let h(d) = 18*d**2 + 2742*d - 12985. What is h(-157)?
203
Let p(o) = 4*o**3 - 73*o**2 - 55*o + 2. What is p(19)?
40
Let z(g) = 2792*g + 83963. Give z(-30).
203
Let z(d) = -44*d**2 - 2860*d - 10763. Calculate z(-4).
-27
Let d(s) = 83*s**2 - 20107*s + 64526. Determine d(239).
-4
Let s(j) = -157068*j - 471205. What is s(-3)?
-1
Let w(q) = -17568*q - 87835. What is w(-5)?
5
Let g(s) = 5*s**2 + 1315*s - 8057. Determine g(6).
13
Let w(s) = 705*s - 119760. What is w(170)?
90
Let g(t) = 32*t**2 - 3*t + 157. Give g(7).
1704
Let u(p) = -5*p**3 + 6*p**2 - 1830*p + 7287. What is u(4)?
-257
Let q(v) = -130*v**2 + 169*v - 29. Give q(3).
-692
Let r(y) = 293*y**2 - 33986*y - 193. Calculate r(116).
39
Let r(c) = -637*c + 6993. Give r(11).
-14
Let t(r) = 199761*r - 14782326. What is t(74)?
-12
Let j(y) = 10*y**3 - 1623*y**2 + 498*y - 1916. Determine j(162).
28
Let z(v) = -17*v - 787. Calculate z(-91).
760
Let j(s) = -7*s**2 + 55*s + 123. Determine j(13).
-345
Let i(j) = j**2 - 1424*j - 19760. Give i(-14).
372
Let v(j) = 10*j - 347. What is v(0)?
-347
Let r(d) = d**2 - 393*d + 11206. Determine r(31).
-16
Let i(v) = 110*v + 1486. What is i(-15)?
-164
Let b(o) = -o**3 + 10*o**2 + 201*o - 2192. Give b(12).
-68
Let m(w) = 56699*w + 396891. Determine m(-7).
-2
Let a(g) = 2160*g - 17297. Calculate a(8).
-17
Let f(k) = 22*k**2 - 6757*k + 917. Determine f(307).
-4
Let n(o) = 28*o**3 + 51*o**2 - 5*o + 6. What is n(-2)?
-4
Let c(d) = -1181*d + 3508. What is c(3)?
-35
Let m(s) = 3075*s + 3091. Calculate m(-1).
16
Let j(z) = 61579*z + 492614. Calculate j(-8).
-18
Let g(w) = -3*w**3 + 10*w**2 - 2421*w + 7221. Determine g(3).
-33
Let u(t) = t**3 - 6*t**2 - 82*t + 513. Determine u(8).
-15
Let j(z) = -3401*z + 57798. Determine j(17).
-19
Let o(x) = -9*x**2 + 420*x - 4824. What is o(17)?
-285
Let b(i) = -66087*i + 66158. Determine b(1).
71
Let a(m) = -m**2 - 11208*m + 9337868. What is a(779)?
-5
Let t(g) = -18*g**2 - 1024*g + 92. Determine t(-57).
-22
Let v(w) = 17*w**2 - 113*w - 22. Calculate v(6).
-88
Let s(z) = -2*z**2 + 671*z - 49521. What is s(226)?
-27
Let v(j) = -j**2 - 15*j - 62. Determine v(-13).
-36
Let h(j) = j**3 + 3*j**2 - 47*j + 320. Calculate h(-10).
90
Let m(p) = -109*p + 330. Calculate m(5).
-215
Let u(n) = 6*n**2 + 165*n - 21014. Determine u(47).
-5
Let s(u) = 3760*u - 90301. What is s(24)?
-61
Let j(l) = -9*l**2 - 5889*l + 195519. Calculate j(-686).
9
Let v(r) = r**2 + 826*r + 5789. Give v(-7).
56
Let g(j) = -j**3 - 106*j**2 - 313*j - 955. Calculate g(-103).
-543
Let s(a) = 15*a**3 - a**2 + 18*a - 38. Calculate s(2).
114
Let t(z) = 39*z**2 - 284*z + 1267. Give t(5).
822
Let r(y) = 36*y**3 + 327*y**2 - 123*y - 1062. Calculate r(-9).
288
Let a(j) = 188*j**3 - 5454*j**2 + 634*j - 16698. Determine a(29).
6
Let z(i) = -6887*i + 110180. What is z(16)?
-12
Let w(d) = 23*d**3 + 4*d**2 + 103*d - 315. Calculate w(3).
651
Let p(l) = 55*l**2 - 758*l - 3901. Give p(-4).
11
Let l(k) = 1856*k**2 - 231993*k - 869. Calculate l(125).
6
Let f(h) = -h**3 + 1121*h**2 - 28470*h - 24. Calculate f(26).
-24
Let w(m) = -43019*m - 6581893. Determine w(-153).
14
Let o(g) = 21607*g + 388930. Give o(-18).
4
Let g(i) = 728*i - 289007. Calculate g(397).
9
Let u(j) = 138*j**3 + 133*j**2 + 5*j + 2. What is u(-1)?
-8
Let g(k) = 1019*k - 2699. Determine g(3).
358
Let n(c) = c**2 + 43997*c + 175974. Give n(-4).
2
Let s(x) = 2*x**3 + 206*x**2 + 2661*x - 14071. Calculate s(4).
-3
Let q(l) = -l**3 + 237*l**2 + 995*l - 235814. Determine q(237).
1
Let h(u) = 20*u**2 + 137*u + 867. Give h(-10).
1497
Let h(v) = -2*v**3 + 4*v**2 - 261*v + 1099. Determine h(4).
-9
Let j(x) = -x**3 + 2*x**2 + 807*x + 624. Give j(-27).
-24
Let t(d) = -d**3 + 17*d**2 - 118*d + 2359. Determine t(19).
-605
Let o(d) = d**3 + 70*d**2 - 4*d - 671. Give o(-70).
-391
Let b(s) = 1163*s**2 - 226*s. Determine b(-1).
1389
Let v(u) = -94